{"id":133,"date":"2020-12-10T10:22:24","date_gmt":"2020-12-10T13:22:24","guid":{"rendered":"http:\/\/pulvemaq.com.br\/new\/?post_type=product&#038;p=133"},"modified":"2025-11-04T15:02:28","modified_gmt":"2025-11-04T18:02:28","slug":"ptma-200-albp","status":"publish","type":"product","link":"https:\/\/pulvemaq.com.br\/new\/index.php\/produto\/ptma-200-albp\/","title":{"rendered":"PTMA 200 ALBP"},"content":{"rendered":"<p><strong>TANQUE<\/strong>: Polietileno com capacidade para 200 litros e reservat\u00f3rio de \u00e1gua limpa.<\/p>\n<p><strong>FILTRO<\/strong>: Embutido no tanque.<\/p>\n<p><strong>COMANDO<\/strong>: Constitu\u00eddo de 03 registros, 01 registro de retorno direto para regulagem de press\u00e3o, 02 registros para regulagem de vaz\u00e3o (um em cada bra\u00e7o).<\/p>\n<p><strong>FILTRAGEM<\/strong>: 01 filtro na boca do tanque, 01 filtro de linha e 01 peneirinha para cada bico.<\/p>\n<p><strong>BICOS<\/strong>: 10 (n\u00ba 110)<\/p>\n<p><strong>BOMBA<\/strong>: el\u00e9trica 12 volts, movida a bateria<\/p>\n<p><strong>VAZ\u00c3O<\/strong>: 100 lts.\/ha.<\/p>\n<p><strong>PRESS\u00c3O<\/strong>: 2 a 6 bar<\/p>\n<p><strong>TRA\u00c7\u00c3O<\/strong>: animal ou mec\u00e2nica<\/p>\n<p>&nbsp;<\/p>\n<h6>DIMENS\u00d5ES<\/h6>\n<p><strong>ALTURA<\/strong>: 2,15 metros<\/p>\n<p><strong>LARGURA<\/strong>: 1,20 a 1,70 metros<\/p>\n<p><strong>COMPRIMENTO<\/strong>: 1,15 metros<\/p>\n<p><strong>BARRA DE PULVERIZA\u00c7\u00c3O<\/strong>: 6,40 metros com 7 metros de aspers\u00e3o<\/p>\n<p><strong>PESO<\/strong>: 120 kg<\/p>\n<p>&nbsp;<\/p>\n<h6><strong>Observa\u00e7\u00e3o<\/strong><\/h6>\n<p>N\u00e3o acompanha bateria;<\/p>\n<p>Pneus usados e revisados;<\/p>\n","protected":false},"excerpt":{"rendered":"<p>Pulverizador com capacidade de 200 litros e bomba el\u00e9trica.<\/p>\n","protected":false},"featured_media":134,"comment_status":"open","ping_status":"closed","template":"","meta":[],"product_cat":[16],"product_tag":[19,26,17],"_links":{"self":[{"href":"https:\/\/pulvemaq.com.br\/new\/index.php\/wp-json\/wp\/v2\/product\/133"}],"collection":[{"href":"https:\/\/pulvemaq.com.br\/new\/index.php\/wp-json\/wp\/v2\/product"}],"about":[{"href":"https:\/\/pulvemaq.com.br\/new\/index.php\/wp-json\/wp\/v2\/types\/product"}],"replies":[{"embeddable":true,"href":"https:\/\/pulvemaq.com.br\/new\/index.php\/wp-json\/wp\/v2\/comments?post=133"}],"wp:featuredmedia":[{"embeddable":true,"href":"https:\/\/pulvemaq.com.br\/new\/index.php\/wp-json\/wp\/v2\/media\/134"}],"wp:attachment":[{"href":"https:\/\/pulvemaq.com.br\/new\/index.php\/wp-json\/wp\/v2\/media?parent=133"}],"wp:term":[{"taxonomy":"product_cat","embeddable":true,"href":"https:\/\/pulvemaq.com.br\/new\/index.php\/wp-json\/wp\/v2\/product_cat?post=133"},{"taxonomy":"product_tag","embeddable":true,"href":"https:\/\/pulvemaq.com.br\/new\/index.php\/wp-json\/wp\/v2\/product_tag?post=133"}],"curies":[{"name":"wp","href":"https:\/\/api.w.org\/{rel}","templated":true}]}}