{"id":110,"date":"2020-12-09T16:06:49","date_gmt":"2020-12-09T19:06:49","guid":{"rendered":"http:\/\/pulvemaq.com.br\/new\/?post_type=product&#038;p=110"},"modified":"2026-02-12T06:46:08","modified_gmt":"2026-02-12T09:46:08","slug":"pttm-450-albp-s40-ar503","status":"publish","type":"product","link":"https:\/\/pulvemaq.com.br\/new\/index.php\/produto\/pttm-450-albp-s40-ar503\/","title":{"rendered":"PTTM 450 ALBP S40  \/ AR503"},"content":{"rendered":"<p><strong>TANQUE<\/strong>: Polietileno com capacidade para 450 litros com reservat\u00f3rio de \u00e1gua limpa.<\/p>\n<p><strong>FILTRO<\/strong>: Embutido no tanque com 2 sa\u00eddas possibilitando abastecimento autom\u00e1tico.<\/p>\n<p><strong>COMANDO<\/strong>: Constitu\u00eddo de 02 registros de barra, 01 registro de retorno direto, 01 registro para agitador de calda na bomba e lava frasco (opcional).<\/p>\n<p><strong>REGULADOR DE PRESS\u00c3O<\/strong>: Man\u00f4metro de glicerina (rel\u00f3gio).<\/p>\n<p><strong>FILTRAGEM<\/strong>: 01 Filtro na boca do tanque. 01 Filtro para cada lateral.<\/p>\n<p><strong>BICOS<\/strong>: 12 \/ 16 Bicos duplos regul\u00e1veis de bronze anti-gotejo.<\/p>\n<p><strong>BOMBA<\/strong>: S40<\/p>\n<p><strong>VAZ\u00c3O<\/strong>: 40\/100 lts.<\/p>\n<p><strong>PRESS\u00c3O<\/strong>: 2 a 6 bar<\/p>\n<p><strong>ROTA\u00c7\u00c3O<\/strong>: 540 RPM<\/p>\n<p><strong>H\u00c9LICE<\/strong>: 12 P\u00c1S (700mm) \u2013 rota\u00e7\u00e3o 2500 RPM<\/p>\n<p><strong>PROTE\u00c7\u00c3O DA H\u00c9LICE<\/strong>: 750 mm<\/p>\n<p>&nbsp;<\/p>\n<h6>DIMENS\u00d5ES<\/h6>\n<p><strong>ALTURA<\/strong>: 1,30 METROS<\/p>\n<p><strong>LARGURA<\/strong>: 1,30 METROS<\/p>\n<p><strong>COMPRIMENTO<\/strong>: 1,10 METROS<\/p>\n<p><strong>PESO<\/strong>: 210 kg<\/p>\n<p>&nbsp;<\/p>\n<h6>OPCIONAL<\/h6>\n<p>Bomba de pist\u00e3o e membrana AR503 \/ JP75 \/ S70<\/p>\n","protected":false},"excerpt":{"rendered":"<p>Pulverizador atomizador turbina com capacidade de 450 litros com bomba de membrana ou pist\u00e3o.<\/p>\n","protected":false},"featured_media":111,"comment_status":"open","ping_status":"closed","template":"","meta":[],"product_cat":[16],"product_tag":[23,17],"_links":{"self":[{"href":"https:\/\/pulvemaq.com.br\/new\/index.php\/wp-json\/wp\/v2\/product\/110"}],"collection":[{"href":"https:\/\/pulvemaq.com.br\/new\/index.php\/wp-json\/wp\/v2\/product"}],"about":[{"href":"https:\/\/pulvemaq.com.br\/new\/index.php\/wp-json\/wp\/v2\/types\/product"}],"replies":[{"embeddable":true,"href":"https:\/\/pulvemaq.com.br\/new\/index.php\/wp-json\/wp\/v2\/comments?post=110"}],"wp:featuredmedia":[{"embeddable":true,"href":"https:\/\/pulvemaq.com.br\/new\/index.php\/wp-json\/wp\/v2\/media\/111"}],"wp:attachment":[{"href":"https:\/\/pulvemaq.com.br\/new\/index.php\/wp-json\/wp\/v2\/media?parent=110"}],"wp:term":[{"taxonomy":"product_cat","embeddable":true,"href":"https:\/\/pulvemaq.com.br\/new\/index.php\/wp-json\/wp\/v2\/product_cat?post=110"},{"taxonomy":"product_tag","embeddable":true,"href":"https:\/\/pulvemaq.com.br\/new\/index.php\/wp-json\/wp\/v2\/product_tag?post=110"}],"curies":[{"name":"wp","href":"https:\/\/api.w.org\/{rel}","templated":true}]}}